uppose r = -f*r. Suppose 5*z - 2*p = 6*z - 15, -z - 4*p + 15 = r. Is z composite?
True
Suppose 0 = -4*s + 2*f + 8, 3 = 3*s - 2*f - 1. Suppose 3*h + d - 8 = h, 24 = s*h + 4*d. Is h composite?
False
Let y be (69/(-15) - 3)*-35. Let q = y + -151. Is q a prime number?
False
Suppose -2*t + 24 = -0*t. Let a = 31 - t. Is a a composite number?
False
Let n(t) = -6*t**2 + 7*t - 1. Let f(c) = c**2 - c + 1. Let m(b) = 6*f(b) - n(b). Is m(-6) a prime number?
False
Suppose -5*l + 3*v = -3445, -701 = -4*l + 3*l + 3*v. Let p = l - 429. Is p a composite number?
False
Let b = 7 - -1. Suppose b*u - 95 = 3*u. Let l = 84 + u. Is l a composite number?
False
Let i be (8/(-4))/((-1)/9). Let p = i - 13. Let q(j) = 2*j**2 - 5*j - 2. Is q(p) prime?
True
Let c(w) = 27*w - 3. Is c(2) a prime number?
False
Let g(v) = 2*v**3 + v**2 - 13*v + 9. Let j(i) = 4*i**3 - 7*i + 2*i**3 - 5*i**3 + 4. Let l(m) = -3*g(m) + 5*j(m). Is l(-6) prime?
False
Let t be (1 + -1)*(-3)/6. Suppose -2*h = -t*h + 6. Let i = h - -9. Is i composite?
True
Suppose -i + k = -2*i + 6030, 24111 = 4*i - 5*k. Is i a prime number?
True
Let s be 3 + -4 + (-14 - 1). Let k be 4/s + (-42)/(-8). Suppose k*x = 4*p - 0*x - 81, -4*p + 2*x + 78 = 0. Is p a composite number?
False
Let w = 10 + -3. Let y(i) = -i**3 + 7*i**2 + 2*i - 8. Let c be y(w). Is (-3)/2*(-196)/c a prime number?
False
Let f = -242 + 459. Is f prime?
False
Let j(a) = 3*a**3 + 4*a**2 + 2. Is j(3) a prime number?
False
Let r = 5 + -6. Let z be 3/r + 3 + 279. Suppose -z = -0*s - 3*s. Is s composite?
True
Let s(z) = z**3 - 6*z**2 + 6*z - 3. Let l be s(5). Suppose -l*k + 4 = 0, 2*h + k + 23 - 179 = 0. Is h a prime number?
False
Let c be 1*(-4)/((-16)/12). Suppose 0 = -c*x - m - m + 167, 4*m + 315 = 5*x. Is x a composite number?
False
Suppose -3*b = 4*k - 20, -k - 14 = 5*b - 36. Suppose 3*q = o - 240, 2*o + 5*q - 1045 = -2*o. Suppose 5*y - 406 = -3*r, -b*y + 2*r = -83 - o. Is y prime?
True
Suppose 0 = -n + y, y = -3*n - y + 15. Suppose 0 = -0*p + n*p. Suppose -3*r - r + 28 = p. Is r prime?
True
Let n(l) = 0*l**3 + l**2 - l**3 + 2*l**3. Let o be n(1). Suppose -12 - 19 = -5*m + a, 4*m - o*a - 26 = 0. Is m a composite number?
True
Suppose 25 = -3*p - 5*d + 96, 0 = 2*p + 3*d - 48. Suppose 5*m + w = -p, -3*m + 7*m + 9 = -5*w. Is (114/(-9))/(m/9) a composite number?
False
Is 0 + (-254)/(-3) + (-1)/(-3) composite?
True
Let o(v) = -v**3 - 11*v**2 - 13*v - 15. Let s be o(-10). Suppose 67 = 4*h + s. Is h a prime number?
True
Let i(n) be the third derivative of -n**6/20 - n**5/60 + n**3/6 + 2*n**2. Let k be i(-1). Suppose -2*v + k*v - 81 = -3*c, 2*c = -2*v + 52. Is c a prime number?
True
Suppose 2*w = 21 + 5. Suppose 4*n - 2*l = -3 - 3, 5*n + 4*l = 12. Suppose n = -v + w + 40. Is v a composite number?
False
Let s(h) = 31*h**3 + 3*h**2 - h - 1. Is s(2) a prime number?
True
Let p = 10 + -8. Suppose 0 = 5*l + 4*h + 35, p*h + 2 = l - 5. Is 3 - (-1)/(l/(-144)) prime?
False
Let r(u) = -u**3 - 5*u**2 + 8*u - 7. Suppose 3*f = -26 + 5. Is r(f) prime?
False
Let q(a) = -1. Let f(x) = 19*x + 3. Let y(w) = -f(w) - 2*q(w). Let b be y(-1). Let v = b - 8. Is v a composite number?
True
Let k be (-2)/(-4) + (-39)/(-6). Suppose l - 4 = k. Is l composite?
False
Let q(o) = 321*o - 7. Let y be q(2). Suppose y = 5*g - 0*g. Is g composite?
False
Is (340 - -10) + (-6)/2 a prime number?
True
Let b(v) be the first derivative of 2*v**3/3 + v**2/2 - 3*v - 1. Let g be b(-5). Suppose 0 = 2*x - 5*j - g, 5*x + 2*j = -2*j + 138. Is x a composite number?
True
Let a be 4*(22/8 + -2). Let i(q) = -q. Let g be i(-4). Suppose -g*t + b + 219 = 0, -t - a*b + 113 = t. Is t prime?
False
Let q be -2 + -1*7*-1. Suppose -q*h + 748 - 93 = 0. Is h a composite number?
False
Let u = 640 - 441. Is u a prime number?
True
Suppose -305 = m - 982. Is m composite?
False
Suppose -5*d + 270 = 5*a, -4*a - d = d - 206. Let o = -28 + a. Let j = 54 - o. Is j composite?
True
Let v(g) = g**3 - g**2 + 2*g + 235. Let q(b) = -b - 5. Let m be q(-5). Is v(m) a prime number?
False
Suppose -4*d = -l + 19, -6 = 3*d + 5*l + 37. Suppose 3*n - 91 = 80. Is n*-1*2/d a composite number?
False
Let y(l) = -19*l**3 - l**2 + 1. Is y(-2) composite?
False
Let h(b) = -b - 3. Let o be h(5). Let z(m) = -2*m - 11. Let c be z(o). Suppose 0 = i - c*i + 348. Is i a prime number?
False
Suppose 0*w - 3*w + 1542 = 0. Is w a prime number?
False
Suppose -8*m + 3175 = -3*m. Suppose 0 = d + 4*d - m. Is d a prime number?
True
Let n = 0 + 3. Suppose 3*o - 392 = -n*w + 487, 1186 = 4*o - 3*w. Is o a prime number?
False
Suppose 0 = 29*p - 25*p - 644. Is p prime?
False
Let y be (-16)/5 + 5/25. Let p = 0 - y. Suppose -p*u = -59 - 43. Is u a prime number?
False
Let r(b) be the second derivative of b**3/6 + 3*b**2/2 - 2*b. Suppose a = 4*f - 4, -4*a - f + 2 - 1 = 0. Is r(a) composite?
False
Let t = -276 + 405. Is t a composite number?
True
Suppose -6*q + 3115 = -3*q + 2*v, -2*q + 2079 = -v. Is q composite?
False
Let q be 59/(7/(-2) + 3). Let c = 69 - q. Is c a composite number?
True
Suppose 0*u = 2*u. Suppose u*m = 5*m + 10. Is (0 - (-23)/m)*-2 composite?
False
Let i be (-10)/(-2) + -1 + -2. Suppose 2*y - 17 = -3*q + i*q, -3*y + 93 = 4*q. Suppose -2*a - q = -m, 4*m + 5*a + 31 = 100. Is m a prime number?
False
Suppose 3*v + 168 - 760 = w, -3*v + 594 = -3*w. Let s = v + -115. Is s a composite number?
True
Suppose 0*q - 3*q - 21 = 0. Let l = -5 - q. Suppose -l*h - 30 = -5*h. Is h composite?
True
Let b(y) = 2*y - 9. Let i be b(6). Let p be (-12)/18 + 8/i. Is (1/p)/(2/204) prime?
False
Let l = 13 - -76. Is l a composite number?
False
Let z = 170 + 1172. Let l = z - 743. Is l prime?
True
Suppose -2*a - 3*c + 178 = 0, -5*a + c = -4*c - 445. Is a a prime number?
True
Is 27 + -2*(-3)/(-6) a composite number?
True
Suppose 0*n + 9 = 3*n. Suppose -3*b + 105 = h + 3*h, -4*b = n*h - 147. Is b prime?
False
Suppose q + 0*i + 3*i + 432 = 0, -4*q + i = 1767. Let r = -292 - q. Is r a composite number?
False
Let l be (-1 - -4) + 0 + -1. Let z(p) = 4 - 3 + p + 18*p**l - 4*p. Is z(2) a composite number?
False
Let j = 11 - 7. Suppose 0 = j*s - 5*u - 1373, -2*u + 2116 - 441 = 5*s. Is s prime?
True
Is (-16 + 14)*309/(-2) a prime number?
False
Suppose 0 = -5*x - 2 + 427. Is x a composite number?
True
Suppose 2 = c - 0. Let d = 3 - c. Let h(x) = 3*x**2 + 1. Is h(d) a composite number?
True
Suppose 4*c - 740 - 744 = 0. Is c prime?
False
Let m(g) = g**3 + 4*g**2 - 6*g + 3. Let z be m(-7). Let t = -64 - z. Is t a prime number?
False
Is (-300)/(-3) + (-2 - 1) prime?
True
Suppose -6*l - 940 = -10*l. Is l composite?
True
Let w = -6 - -9. Let o = 1 + w. Suppose 3*p - 3 = -t - p, o*t - 31 = 3*p. Is t a composite number?
False
Let j = -4 - -7. Suppose 0 = -3*g + w + 3, j*g - w - 3 = g. Suppose 0 = -g*y - 3*y + 261. Is y prime?
False
Let q = -39 - -230. Is q prime?
True
Let g(i) = 72*i**3 + 3*i**2 - i + 1. Is g(2) prime?
True
Let s(r) be the first derivative of -9*r**2/2 - r + 3. Is s(-4) composite?
True
Let f be (-48)/(-20) + (-4)/10. Suppose 3*i = -5*l - f*i + 395, -5*l + 5*i + 375 = 0. Is l a composite number?
True
Let p(f) be the second derivative of f**7/2520 + 13*f**6/720 + f**5/120 + f**4/4 - 2*f. Let l(h) be the third derivative of p(h). Is l(11) a prime number?
False
Let z be (-10)/(-5) + 16*1. Let a = z + 23. Suppose 0 = -d + 44 + a. Is d prime?
False
Let u(b) = b**3 - 7*b**2 + 6*b + 3. Let z be u(6). Let a(o) = -2*o + z*o**3 - 1 + o**2 + 3*o**2 - 3*o**2. Is a(2) a composite number?
False
Suppose -5*m + 3*m = -1082. Is m prime?
True
Let b(x) = 81*x**2 + 5*x - 1. Is b(3) composite?
False
Suppose -3*a - 24 = 24. Let w = a - -22. Is w a prime number?
False
Suppose 8870 = 2*r + 8*r. Is r composite?
False
Let k(y) = 50*y**2 - y. Suppose 2*r - 1 = -3. Let m be k(r). Let f = m - 2. Is f prime?
False
Let b = -300 - -1051. Is b prime?
True
Is 228397/39 + (-4)/(-18)*3 a prime number?
True
Let s(j) = 2*j + 2. Let l be (6/8)/(1/8). Suppose 0 = -2*b + t + 11, -3*b + 3*t - l = -27. Is s(b) a prime number?
False
Let p be (-935)/(-5) + (-1)/1. Let g be 2/(0 + (-4)/p). Let t = g - -152. Is t prime?
True
Let g(h) = h**2 - h - 11. Let n be g(9). Suppose 32 = 3*b - n. Is b prime?
True
Let o(w) = 4*w - 4. Let g be o(9). Let q = g + -19. Is q prime?
True
Let v(b) = 3*b**2 - 3*b. Let g be v(-4). Let j = g + -3. Suppos